 common factor of 2 and s?
1
Let s be (-2)/(-11) + (20/11 - -4). What is the greatest common factor of s and 6?
6
Let w be ((1140/45)/(-19))/((-2)/9). What is the highest common divisor of w and 417?
3
Suppose -19*w = -7*w - 3744. What is the highest common divisor of w and 78?
78
Suppose -7*r = -r - 30. Suppose -37 = -3*s + r. What is the highest common divisor of s and 2?
2
Let b = 22 + -11. Suppose -s = -3*m + 2*m + b, -3*m + s = -31. Calculate the highest common factor of m and 110.
10
Let h(s) = -s**2 + s + 4. Let y be h(0). Let q(l) = 27*l - 430. Let i be q(16). Calculate the highest common divisor of i and y.
2
Suppose 0 = a + 2*a. Let f = a - -4. Let u = 31 + -19. What is the greatest common factor of u and f?
4
Suppose -3*n - 3*c = -51, 4*c = c - 15. Let v(q) = -7*q - 9. Let g be v(-6). What is the greatest common factor of n and g?
11
Let k be 8 + 28060/90 + (-4)/(-18). What is the highest common divisor of k and 10?
10
Let z be (4410/(-65))/(-2) - (-5)/65. Calculate the highest common divisor of z and 935.
17
Let p(y) = -5 + y**2 - 4*y + 1 - 1 - 3. Let v be p(7). Suppose 0 = -l + 6*l - 65. What is the greatest common factor of l and v?
13
Let t(d) = d**2 + 1 + 4*d**3 + d**2 + 0*d**2 - 2*d. Let c(f) = 3*f + 16. Let a be c(-5). Let r be t(a). What is the highest common divisor of 20 and r?
5
Suppose r + 4 = 16. Suppose 4*g = 5*c - 4*c + 7, r = -3*g - 5*c. What is the highest common divisor of 9 and g?
1
Let q be 7162/10 - 228/190. Calculate the greatest common factor of 26 and q.
13
Let v be 14922/81 - 8/36. What is the greatest common divisor of v and 46?
46
Suppose w = -5, 0*w = 3*r + w - 79. What is the highest common divisor of r and 140?
28
Let k = -652 + 672. Suppose -n = 2*j - 137, 4*j + 5*n - 2*n = 271. What is the greatest common factor of j and k?
10
Let x(v) = v**2 + 8*v - 148. Let c be x(-17). What is the greatest common factor of 125 and c?
5
Let h = -857 + 882. Calculate the greatest common divisor of h and 400.
25
Suppose -3*q + d = 2*q - 244, -5*q - 2*d + 232 = 0. What is the greatest common factor of q and 60?
12
Suppose 5*q = 3*i + 221, -4*q - 5*i = -103 - 96. What is the greatest common divisor of 23 and q?
23
Let j be (6 - 14)/(2/16). Let g = 88 + j. Suppose 6 = 2*a - 10. Calculate the greatest common factor of a and g.
8
Suppose 0 = -7*q - 76 + 279. Suppose 0*l = -l + q. Calculate the highest common divisor of 232 and l.
29
Let u = -160 - 0. Let s = -112 - u. Calculate the highest common divisor of 32 and s.
16
Let s be ((-445)/6)/(-5) - (-8)/48. Calculate the greatest common factor of 885 and s.
15
Let t(l) = 56*l + 17. Let q be t(5). Calculate the greatest common divisor of 33 and q.
33
Let y(g) = -g**3 - 6*g**2 + 20*g + 72. Let t be y(-10). Calculate the highest common divisor of 4 and t.
4
Let n = -115 + 113. Let p be (25/(-10) + 1)*n/1. Let c(a) = -5*a + 1. Let r be c(-4). Calculate the greatest common factor of r and p.
3
Let w(x) = 2*x. Let u(n) = -n + 3. Let t(j) = -u(j) - 3*w(j). Let q = 3 - 6. Let z be t(q). What is the greatest common divisor of 132 and z?
12
Let g be (-270)/(-4) - (-7)/14. Suppose -5*r = -r - g. Suppose 0 = 3*f - r - 16. Calculate the highest common factor of f and 33.
11
Let q be (30/4)/(1/2). Suppose -x + 0*x + 5 = 0. Calculate the greatest common divisor of x and q.
5
Let a = 82 + -66. Calculate the highest common divisor of a and 14.
2
Let v = -52 + 76. Calculate the highest common factor of 648 and v.
24
Let w = -1367 + 1676. Calculate the highest common divisor of 515 and w.
103
Let g(u) = u**2 + 3*u - 27. Let b be g(-6). Let o be 41 + (2/(-4))/(b/54). Calculate the greatest common factor of o and 44.
44
Suppose -7*j + 3*j - 52 = -2*y, 16 = -4*j. Let i be (-1883)/(-42) + 3/18. What is the highest common divisor of y and i?
9
Suppose 6*p = 1744 - 436. What is the greatest common factor of p and 981?
109
Let m = 42 + -38. Let c(h) = h**3 - 3*h**2 + 4*h - 8. Let i be c(m). Calculate the greatest common divisor of 216 and i.
24
Suppose -408 = 7*h - 11*h. Suppose -n = 2*n - h. Calculate the greatest common factor of n and 374.
34
Let q(a) = a**2 + 13*a - 81. Let i be q(9). Calculate the greatest common divisor of 221 and i.
13
Let n = -9 + -61. Let u = -44 - n. Let q = u + 22. What is the greatest common divisor of q and 6?
6
Let o(m) = m**3 + 2*m**2 - 2*m + 1. Let z be o(2). Let f = -36 + 133. Let c = 46 + f. What is the highest common factor of z and c?
13
Let f(j) = -6*j - 4. Let p be (2/3)/(2/(-18)). Let x be f(p). Suppose -4*q + x = -3*q. What is the greatest common divisor of q and 8?
8
Suppose 3*o - 4*z = 59, 3*o + 4*z + 31 - 98 = 0. Calculate the greatest common divisor of 399 and o.
21
Suppose -9*f + 173 = -43. Calculate the greatest common factor of 120 and f.
24
Let y be 6/((-8)/((-1568)/21)) + 4. Calculate the highest common divisor of y and 100.
20
Let j(i) = -2*i**2. Let t(h) = 4*h - 16. Let m(n) = -j(n) - t(n). Let d be m(3). Calculate the greatest common divisor of 176 and d.
22
Suppose 5*h - 24 = -109. Let j = 34 + h. Calculate the greatest common factor of j and 51.
17
Suppose -4*t = -6*t - 4. Let y be (27 - (-4)/t) + -1. Calculate the greatest common divisor of 264 and y.
24
Let z(f) be the second derivative of -f**5/20 + f**4/12 - f**3/6 + 5*f**2 - 17*f. Let j be z(0). What is the greatest common divisor of j and 2?
2
Let q = -318 + 478. Let z be -4 + -15 + (-51)/(-1). What is the highest common factor of q and z?
32
Suppose -836 = -24*s + 604. Calculate the greatest common factor of s and 1740.
60
Let m be ((-66)/9)/(4/(-6)). Let c = -31 - -46. Let o = c - m. Calculate the greatest common divisor of 8 and o.
4
Suppose -5*a + 131 + 289 = 0. Let g be (6/(-18))/((-1)/6). Let v be (g + -1 - -5)*315/90. Calculate the greatest common factor of a and v.
21
Suppose 0 = -202*f + 195*f + 4921. What is the highest common factor of f and 37?
37
Let t(a) = a**2 - 7*a - 84. Let d be t(-13). Suppose 3*m - 60 = -12. Calculate the highest common factor of m and d.
16
Suppose -4*g + 9 = 3*j - 19, -2*j + 3*g = -30. Let l = 2 + 4. Suppose -5*s = -l*s + 18. Calculate the greatest common divisor of s and j.
6
Suppose 64*p - 59*p = 70. What is the greatest common divisor of 434 and p?
14
Let d = 574 - 533. Calculate the greatest common divisor of 779 and d.
41
Let j be 18/(-81) - (-335)/9. Calculate the highest common divisor of j and 296.
37
Let m be 2/(-8) - (-26)/8. Suppose -2*i + 1 = -n, i - 3*n - 6 + 18 = 0. Suppose -5*c + 27 + i = 0. Calculate the highest common divisor of m and c.
3
Suppose 5*b = 9*b + 12. Suppose -5*u + 4*u + 6 = 0. Let p be (u + b - 5)*-5. What is the highest common factor of p and 30?
10
Let w(f) = f**2 + 10*f - 26. Let i be w(-18). Let p be (-4)/(-14) + (-4)/14. Suppose p = m - i - 34. Calculate the highest common factor of 19 and m.
19
Let i(m) = 2*m + 15. Let b be i(-10). Let l = 5 + b. Suppose 3*f - 8*f + 1000 = l. What is the greatest common divisor of 20 and f?
20
Suppose -217 = -3*v + 4*q - 78, 2*q - 43 = -v. Let d = -17 + v. Calculate the greatest common factor of d and 14.
14
Suppose -25 - 5 = -3*y. Let u(w) = w - 8. Let m be u(y). Let t be m + -6 - (-232)/4. What is the greatest common factor of 18 and t?
18
Let o = 190 + -113. Suppose 5*f - 65 = -5*a, -a = 3*f - 2*a - 31. What is the highest common factor of f and o?
11
Let v(q) = -q + 11. Let s be v(7). Let y be (5/3)/(s/12). Suppose -2*b + 3*c = -y - 3, 12 = 3*b - 2*c. What is the greatest common divisor of 16 and b?
4
Suppose 31*q - 235 = 850. What is the greatest common divisor of 56 and q?
7
Let l(s) = 6*s + 6*s + 4*s + s**2 - 11 - 21*s. Let u be l(-6). Suppose -2*y - 1 = -t, 0*y - 5*y - 15 = -5*t. Calculate the greatest common divisor of u and t.
5
Suppose 5*m - 4*b = 5 + 5, 2*m = -2*b + 4. Suppose -2*p + 632 = -2*t, 3*p = m*t + 2*t + 944. Calculate the highest common divisor of p and 40.
40
Let q(i) = i**3 + 13*i**2 - i - 14. Let r be q(-13). Let v be 5256/45 - r/5. Calculate the highest common factor of v and 13.
13
Let j be ((-525)/6)/7*(-24)/(-5). Let y = j - -88. Calculate the greatest common factor of y and 7.
7
Let o be (-91208)/(-65) + 22 + 2/(-10). What is the greatest common factor of 57 and o?
57
Let h be -6*(-3 - 20/(-8)). Suppose 0 = -h*a + 5*a - 212. Let t = a + -36. What is